1102211221 + 1121210120?
11221122
In base 12, what is 627956 - b?
627947
In base 7, what is 62115213 + -1?
62115212
In base 7, what is -241500 - 334?
-242134
In base 9, what is -225457 + 1?
-225456
In base 6, what is -23 - -33035501?
33035434
In base 16, what is 7d - 380484?
-380407
In base 15, what is -ced - 58e5?
-66e3
In base 2, what is 10011001010011101110111011 + -100?
10011001010011101110110111
In base 5, what is 10021404301 + 10?
10021404311
In base 9, what is -37 + 8200728?
8200681
In base 12, what is 280288 + -15?
280273
In base 16, what is af35fb1 + 1?
af35fb2
In base 10, what is -5 - -45566121?
45566116
In base 11, what is -6317 + 932?
-5495
In base 8, what is -1023477 - 57?
-1023556
In base 3, what is -20221 + -121202102221?
-121202200212
In base 7, what is 405523542 - -1?
405523543
In base 3, what is -1010 + -10212010112010?
-10212010120020
In base 14, what is 607b - 699?
57c2
In base 4, what is 100000 - 1113023102?
-1112323102
In base 2, what is -10010 + 1000001101101001100010?
1000001101101001010000
In base 16, what is 8f9 - -1db8?
26b1
In base 16, what is -8f + 15fef0?
15fe61
In base 9, what is -20 - 3521548?
-3521568
In base 11, what is -1553 - 1110?
-2663
In base 12, what is -a473663 - 4?
-a473667
In base 9, what is -255 + -833060?
-833325
In base 6, what is -2 - 22025211?
-22025213
In base 13, what is -407 - -a329?
9c22
In base 10, what is -1097316 - 24?
-1097340
In base 4, what is 11120222313032 - -1?
11120222313033
In base 4, what is 22102323020 + 31?
22102323111
In base 14, what is 4 - -12c681?
12c685
In base 3, what is -211 - -10100120110?
10100112122
In base 12, what is 315 + 137354?
137669
In base 6, what is -1503140543 - 1?
-1503140544
In base 5, what is 120 - 22144433104?
-22144432434
In base 2, what is 101001 - 11011001001111010?
-11011001001010001
In base 11, what is 247 + -17493a?
-1746a3
In base 16, what is 57e4 + 21f7?
79db
In base 11, what is 0 + -19802252?
-19802252
In base 10, what is -228355 - 2477?
-230832
In base 13, what is -894583 + -52?
-894605
In base 10, what is 26418705 + -3?
26418702
In base 11, what is -3793 + -63a?
-4322
In base 2, what is -101001101010000000001 - 100?
-101001101010000000101
In base 10, what is 15706137 - 0?
15706137
In base 16, what is -35adb6 + -2f?
-35ade5
In base 12, what is 6b + -b067?
-abb8
In base 10, what is -3 + -121535?
-121538
In base 8, what is 107060670 - -5?
107060675
In base 5, what is 11310140223301 + -4?
11310140223242
In base 8, what is 2351 + 4775?
7346
In base 16, what is d0 + 45b490?
45b560
In base 10, what is 29673 + 4196?
33869
In base 16, what is 3c4f0bb + 4?
3c4f0bf
In base 11, what is -69140804 + -4?
-69140808
In base 14, what is -32b28b - 4?
-32b291
In base 6, what is -21 - 321405?
-321430
In base 7, what is -31 + -352433?
-352464
In base 10, what is 10856 + -113?
10743
In base 8, what is 206040 - -465?
206525
In base 4, what is 13211131000 + -10?
13211130330
In base 13, what is 3a + -76870?
-76833
In base 10, what is -70119 - -16?
-70103
In base 9, what is 482533 - -66?
482610
In base 12, what is -22431 - -21?
-22410
In base 6, what is 0 + -51122122543?
-51122122543
In base 4, what is -21320021130220 + -11?
-21320021130231
In base 2, what is -11001000 + -10010100100011111?
-10010100111100111
In base 2, what is -1110110001011010 + 1100100111?
-1110100100110011
In base 4, what is -122133112 + 1022?
-122132030
In base 15, what is -9 + 461d29?
461d20
In base 11, what is 10 + -7231998?
-7231988
In base 4, what is -20013101 - -110330?
-13302111
In base 15, what is 3 + -43737d2?
-43737ce
In base 9, what is -5 - 7056040?
-7056045
In base 16, what is -2fd5d - -5b?
-2fd02
In base 4, what is 1133111 + 1100002?
2233113
In base 15, what is 1c - -30484?
304a1
In base 14, what is 10596 + 86cb?
18c83
In base 16, what is -2 + cf271?
cf26f
In base 7, what is -12 + 46646521?
46646506
In base 7, what is 36 - 66011056?
-66011020
In base 5, what is -240341 + -330223?
-1121114
In base 7, what is -2 - -4315663253?
4315663251
In base 13, what is 495 + -2b68?
-26a3
In base 13, what is 127a6 - 185?
12621
In base 12, what is 30418677 + b?
30418686
In base 3, what is -2000220022112 + -10221?
-2000220110110
In base 6, what is -202342353251 + -3?
-202342353254
In base 9, what is -301750 + 17?
-301732
In base 6, what is 13214214 + 124?
13214342
In base 6, what is -24334505 - -542?
-24333523
In base 8, what is -335261232 - 5?
-335261237
In base 2, what is 10111011000110001111100111 + 100?
10111011000110001111101011
In base 16, what is 5 + -27e60b4?
-27e60af
In base 5, what is 44231421 - -2043?
44234014
In base 7, what is 32122 - 24530?
4262
In base 5, what is 1 + 1321112010?
1321112011
In base 10, what is 65662 - 2586?
63076
In base 10, what is 582 + 357886?
358468
In base 14, what is 4c97270 + 4?
4c97274
In base 9, what is -178285 + -7?
-178303
In base 14, what is -207914 - 1dd?
-207b13
In base 2, what is -101 - 1011010101011000010011011?
-1011010101011000010100000
In base 6, what is 13503 + 131434?
145341
In base 3, what is 200012012011 + -10111?
200012001200
In base 6, what is 2524 - 35205?
-32241
In base 14, what is b5221a + -2c?
b521cc
In base 2, what is 10000000010010010101100 - -10?
10000000010010010101110
In base 2, what is 10000000100000001000011000111 - -11?
10000000100000001000011001010
In base 8, what is -41307315 + 5?
-41307310
In base 5, what is 1 - -20003242031?
20003242032
In base 2, what is 101 - 10111100101101111101000011?
-10111100101101111100111110
In base 11, what is -1 + 236aa38?
236aa37
In base 9, what is 1718 - -13182?
15011
In base 7, what is 21040556 - 3?
21040553
In base 16, what is -24c + -126ea4?
-1270f0
In base 2, what is 1000110 + -10001110111111100?
-10001110110110110
In base 8, what is -471640 - 74?
-471734
In base 8, what is -6002 + -37242?
-45244
In base 4, what is 2311210 - -313011?
3230221
In base 6, what is -1120232024 - -21?
-1120232003
In base 16, what is 2 + 1a8143?
1a8145
In base 14, what is -12ab5 + -943?
-13618
In base 13, what is -2 + 4c849b5?
4c849b3
In base 9, what is -735 + 6015?
5170
In base 14, what is 156b04 + 4c?
156b52
In base 4, what is -1123 - 10110100?
-10111223
In base 10, what is 122 + 54153?
54275
In base 10, what is 4295 + 8062?
12357
In base 4, what is -1332230013022 + 3?
-1332230013013
In base 13, what is 2 + 5118047?
5118049
In base 2, what is -1111 - 10010011101110101001?
-10010011101110111000
In base 11, what is -19 + -3590a8?
-359116
In base 6, what is -310301 + 11?
-310250
In base 9, what is 8 + 4586163?
4586172
In base 14, what is 4 + -17755ab9?
-17755ab5
In base 11, what is -224 + 8a598a?
8a5766
In base 2, what is -10000100011 + 11000111011001110?
11000101010101011
In base 12, what is -180b42 - -178?
-180986
In base 6, what is 1310 - -3550113?
3551423
In base 6, what is 1 + 450505241?
450505242
In base 8, what is 5475003 - 1?
5475002
In base 13, what is 25 + -17705ca?
-17705a5
In base 12, what is -15189 + 1234?
-13b55
In base 11, what is -1411a6 - -20?
-141186
In base 8, what is 10637221 + 6?
10637227
In base 16, what is 63 - -7aa?
80d
In base 7, what is -115601162 - -13?
-115601146
In base 8, what is 3441 - 51317?
-45656
In base 2, what is -10101101010000100 + -10111001?
-10101101100111101
In base 12, what is 56 - -39465?
394bb
In base 3, what is 1011 - 100002121121222?
-100002121120211
In base 15, what is 3 + -3d9ac06?
-3d9ac03
In base 8, what is 62606 + 166?
62774
In base 6, what is 113421 - 532342?
-414521
In base 12, what is 27a15427a + -5?
27a154275
In base 8, what is 336625216 + 14?
336625232
In base 7, what is -3 - -3544310214?
3544310211
In base 16, what is 0 + 2fb183a?
2fb183a
In base 9, what is -2 - -184714075?
184714073
In base 5, what is 1002113 - -23300?
1030413
In base 5, what is -21 - -44344004?
44343433
In base 9, what is -523511705 - 1?
-523511706
In base 7, what is -2 - 210053142?
-210053144
In base 5, what is 2020133 - 31011?
1434122
In base 12, what is a74 + 3723?
4597
In base 5, what is -4330221221 + 10?
-4330221211
In base 5, what is -3 - 100030043112?
-100030043120
In base 4, what is 3200302311 + 3?
3200302320
In base 13, what is 94 - -51387?
5144b
In base 16, what is 16c - d667?
-d4fb
In base 4, what is 31031130010 + 1?
31031130011
In base 11, what is -2128a98 - -a4?
-21289a4
In base 13, 